the remainder when 1087 is divided by 46?
29
What is the remainder when 7829 is divided by 47?
27
Calculate the remainder when 95 is divided by 32.
31
Calculate the remainder when 814 is divided by 202.
6
What is the remainder when 634 is divided by 13?
10
What is the remainder when 762 is divided by 738?
24
Calculate the remainder when 868 is divided by 96.
4
Calculate the remainder when 154 is divided by 126.
28
Calculate the remainder when 19 is divided by 8.
3
What is the remainder when 540 is divided by 19?
8
Calculate the remainder when 429 is divided by 10.
9
What is the remainder when 240 is divided by 11?
9
What is the remainder when 657 is divided by 20?
17
Calculate the remainder when 123 is divided by 18.
15
Calculate the remainder when 874 is divided by 67.
3
Calculate the remainder when 31 is divided by 18.
13
Calculate the remainder when 418 is divided by 53.
47
Calculate the remainder when 74 is divided by 26.
22
What is the remainder when 51 is divided by 13?
12
What is the remainder when 141 is divided by 36?
33
Calculate the remainder when 1244 is divided by 89.
87
What is the remainder when 27 is divided by 9?
0
What is the remainder when 172 is divided by 48?
28
What is the remainder when 1999 is divided by 25?
24
What is the remainder when 64 is divided by 64?
0
Calculate the remainder when 740 is divided by 39.
38
What is the remainder when 319 is divided by 46?
43
What is the remainder when 5172 is divided by 5?
2
What is the remainder when 26 is divided by 14?
12
Calculate the remainder when 311 is divided by 39.
38
Calculate the remainder when 29 is divided by 2.
1
Calculate the remainder when 262 is divided by 140.
122
What is the remainder when 1467 is divided by 10?
7
What is the remainder when 25 is divided by 1?
0
What is the remainder when 123 is divided by 31?
30
What is the remainder when 327 is divided by 10?
7
Calculate the remainder when 6161 is divided by 30.
11
Calculate the remainder when 316 is divided by 31.
6
What is the remainder when 1157 is divided by 106?
97
What is the remainder when 483 is divided by 14?
7
What is the remainder when 73 is divided by 9?
1
Calculate the remainder when 375 is divided by 35.
25
Calculate the remainder when 145 is divided by 49.
47
What is the remainder when 4894 is divided by 51?
49
What is the remainder when 27 is divided by 6?
3
Calculate the remainder when 5899 is divided by 26.
23
What is the remainder when 1215 is divided by 9?
0
Calculate the remainder when 261 is divided by 64.
5
What is the remainder when 1649 is divided by 75?
74
What is the remainder when 108 is divided by 3?
0
Calculate the remainder when 119 is divided by 30.
29
Calculate the remainder when 820 is divided by 187.
72
What is the remainder when 51 is divided by 22?
7
What is the remainder when 37 is divided by 33?
4
Calculate the remainder when 74 is divided by 13.
9
What is the remainder when 762 is divided by 40?
2
What is the remainder when 433 is divided by 120?
73
What is the remainder when 285 is divided by 36?
33
What is the remainder when 203 is divided by 116?
87
What is the remainder when 148 is divided by 3?
1
What is the remainder when 71 is divided by 32?
7
Calculate the remainder when 13175 is divided by 22.
19
Calculate the remainder when 432 is divided by 40.
32
Calculate the remainder when 712 is divided by 78.
10
Calculate the remainder when 499 is divided by 69.
16
What is the remainder when 1140 is divided by 386?
368
Calculate the remainder when 213 is divided by 12.
9
What is the remainder when 54 is divided by 2?
0
What is the remainder when 205 is divided by 57?
34
What is the remainder when 5371 is divided by 64?
59
Calculate the remainder when 407 is divided by 24.
23
What is the remainder when 91 is divided by 85?
6
Calculate the remainder when 3962 is divided by 265.
252
Calculate the remainder when 630 is divided by 71.
62
What is the remainder when 607 is divided by 97?
25
Calculate the remainder when 5317 is divided by 27.
25
What is the remainder when 114 is divided by 23?
22
What is the remainder when 373 is divided by 110?
43
Calculate the remainder when 474 is divided by 9.
6
What is the remainder when 999 is divided by 25?
24
Calculate the remainder when 214 is divided by 210.
4
What is the remainder when 140 is divided by 40?
20
What is the remainder when 120 is divided by 35?
15
Calculate the remainder when 2297 is divided by 48.
41
What is the remainder when 13254 is divided by 15?
9
What is the remainder when 2631 is divided by 44?
35
What is the remainder when 164 is divided by 11?
10
Calculate the remainder when 63 is divided by 36.
27
What is the remainder when 1928 is divided by 12?
8
Calculate the remainder when 221 is divided by 104.
13
What is the remainder when 150 is divided by 17?
14
What is the remainder when 73 is divided by 3?
1
Calculate the remainder when 14354 is divided by 165.
164
Calculate the remainder when 6379 is divided by 47.
34
Calculate the remainder when 477 is divided by 156.
9
Calculate the remainder when 102 is divided by 14.
4
What is the remainder when 324 is divided by 88?
60
Calculate the remainder when 60 is divided by 20.
0
Calculate the remainder when 572 is divided by 85.
62
What is the remainder when 9157 is divided by 213?
211
Calculate the remainder when 22447 is divided by 122.
121
Calculate the remainder when 441 is divided by 52.
25
Calculate the remainder when 1010 is divided by 78.
74
Calculate the remainder when 443 is divided by 24.
11
What is the remainder when 12 is divided by 6?
0
What is the remainder when 264 is divided by 245?
19
Calculate the remainder when 192 is divided by 76.
40
What is the remainder when 2834 is divided by 63?
62
What is the remainder when 2100 is divided by 347?
18
Calculate the remainder when 3669 is divided by 21.
15
Calculate the remainder when 365 is divided by 46.
43
What is the remainder when 155 is divided by 60?
35
Calculate the remainder when 234 is divided by 56.
10
Calculate the remainder when 175 is divided by 53.
16
What is the remainder when 569 is divided by 144?
137
Calculate the remainder when 2100 is divided by 13.
7
What is the remainder when 5211 is divided by 1721?
48
Calculate the remainder when 444 is divided by 32.
28
What is the remainder when 679 is divided by 15?
4
Calculate the remainder when 74 is divided by 11.
8
What is the remainder when 153 is divided by 55?
43
What is the remainder when 95 is divided by 7?
4
Calculate the remainder when 425 is divided by 16.
9
Calculate the remainder when 1937 is divided by 55.
12
What is the remainder when 475 is divided by 16?
11
Calculate the remainder when 130 is divided by 47.
36
Calculate the remainder when 4017 is divided by 7.
6
Calculate the remainder when 250 is divided by 36.
34
Calculate the remainder when 597 is divided by 86.
81
Calculate the remainder when 325 is divided by 24.
13
Calculate the remainder when 884 is divided by 178.
172
What is the remainder when 266 is divided by 70?
56
Calculate the remainder when 209 is divided by 71.
67
Calculate the remainder when 26 is divided by 21.
5
Calculate the remainder when 83 is divided by 14.
13
Calculate the remainder when 4007 is divided by 309.
299
What is the remainder when 9505 is divided by 98?
97
Calculate the remainder when 182 is divided by 46.
44
Calculate the remainder when 1391 is divided by 156.
143
Calculate the remainder when 313 is divided by 59.
18
Calculate the remainder when 399 is divided by 198.
3
What is the remainder when 70 is divided by 19?
13
Calculate the remainder when 103 is divided by 59.
44
Calculate the remainder when 14208 is divided by 44.
40
What is the remainder when 3074 is divided by 235?
19
Calculate the remainder when 1404 is divided by 67.
64
Calculate the remainder when 265 is divided by 139.
126
What is the remainder when 141 is divided by 16?
13
Calculate the remainder when 1702 is divided by 11.
8
Calculate the remainder when 8250 is divided by 37.
36
Calculate the remainder when 329 is divided by 55.
54
What is the remainder when 250 is divided by 79?
13
What is the remainder when 58 is divided by 10?
8
What is the remainder when 555 is divided by 19?
4
What is the remainder when 14 is divided by